*g + 8. Let l(y) = -6*y**3 + 34*y**2 + 61*y - 39. Let h(u) = 11*j(u) + 2*l(u). List the prime factors of h(-8).
2, 13
Let d = -7 - -19. List the prime factors of d.
2, 3
Let j(r) = -r - 5. Let i(k) = -k - 4. Let y(z) = 3*i(z) - 4*j(z). Let v be y(-8). Suppose -2*a + a + 6 = v. List the prime factors of a.
2, 3
Suppose 4*a = -f + 24, -4*f + 7*f = -a - 5. Suppose g - x = -4, g + 3 + a = 3*x. List the prime factors of 14/(-6)*(-2 + g).
7
Let y(d) = -17*d**2 + d + 2. Let t be y(-2). Let n = -39 - t. List the prime factors of n.
29
Let f = 82 - 55. What are the prime factors of f?
3
Let c be (-4)/(-22) - (-3032)/22. List the prime factors of 4/(-16) + c/8.
17
Let r = -3 + 1. What are the prime factors of 100/7 - r/(-7)?
2, 7
Suppose -4*s - n + 7 + 6 = 0, 4*s = 3*n - 7. Let v be (-20)/8 + s/4. What are the prime factors of (84/v)/(-3) - 2?
2, 3
Suppose 4*r - 3 - 157 = 0. List the prime factors of r.
2, 5
Let w be 1/(-5) + 3/15. Suppose 3*l - 6 = -2*d, w*d - 3*d + 47 = -5*l. List the prime factors of d.
3
Let u(w) = w**3 - 4*w**2 + 2*w + 2. Suppose 0 = o + 2*o, -4*g + 4*o = -16. List the prime factors of u(g).
2, 5
What are the prime factors of -4 - (-1)/((-3)/(-471))?
3, 17
Let w(c) = c**2 - 3*c + 3. Let i be w(3). Let u = i + 2. Suppose q = u*g - 7, 4*q - 3*g - 1 = 5. What are the prime factors of q?
3
Let k = -13 + 33. Let h = k + -13. What are the prime factors of h?
7
Suppose 1738 = 8*w + 410. List the prime factors of w.
2, 83
Let g be (-6)/(-27) + (-52)/(-9). Suppose g*f = f. List the prime factors of ((-33)/9 + f)*-3.
11
Let x(k) = 4*k - 3*k - 5*k + 2*k + 17*k**2 + 1. Suppose -4*d + 3 = -d. List the prime factors of x(d).
2
Let q be 6/4 + 57/(-6). Let n be (4/(-5))/(q/780). Suppose i + 2*i - 84 = -4*w, 0 = -3*i - 2*w + n. List the prime factors of i.
2, 3
Suppose -l = -2*l + 114. Suppose f - 2*g - 14 = -0*f, 5*f + g = l. List the prime factors of f.
2, 11
Let c(o) = o**3 - 5*o**2 - 6*o + 3. Let i(g) = g**3 + g**2 + g + 1. Let w(v) = c(v) - 2*i(v). Let z be w(-6). Let y = -8 + z. What are the prime factors of y?
5
Suppose -3*c - 2*a + 26 = 0, 2*c - 4 = 3*a - a. List the prime factors of c.
2, 3
Let t = 147 + -75. Suppose 0*r - t = 4*r. Let v = r + 33. What are the prime factors of v?
3, 5
Suppose -c = -4*c - 5*j - 15, -3*c + 4*j = -12. Suppose c = 3*r + 2*r + 3*p + 74, 0 = -2*r + 3*p - 17. Let d = r + 18. List the prime factors of d.
5
Suppose -w = 5*w - 126. List the prime factors of w.
3, 7
Suppose -2*s + 1 = c, -4*c = s - 1 + 4. Let r = -3 + c. Let q(o) = o**2 + 3*o + 3. What are the prime factors of q(r)?
7
Let b(c) = 120*c - 4. What are the prime factors of b(1)?
2, 29
Let n = 0 - 2. Let j be (-1 - -2)*n - -6. Suppose -2*i - 5*x = -x - 18, 73 = 5*i - j*x. What are the prime factors of i?
13
Let r(n) = -n + n - 4 - 2*n. Let w be r(-3). List the prime factors of 2 + (w*3 - -1).
3
Let d be -6*(-2 - (2 + -2)). Suppose d = 4*x + 40. Let a(r) = -r**2 - 9*r - 6. List the prime factors of a(x).
2
Suppose -z = z - 24. Suppose -z = -3*t - t. Suppose 18 = 3*j + q, -4*j + t*q = -42 + 5. List the prime factors of j.
7
Suppose -4*m - 4 = -o - 6, -3*o + 5*m + 8 = 0. Suppose 2*s - o = -0. Suppose 2*i - 8 = 2*a, 5 + 25 = 3*i + s*a. List the prime factors of i.
7
Suppose 4*i - 95 = 3*u, -u + 55 = -4*u - 4*i. List the prime factors of -1 + (-2 - u) - 2.
2, 5
Let r be ((-2)/4 - 0)*-6. Let q be 2*((-20)/(-8))/(-5). List the prime factors of ((-6)/r - q)*-10.
2, 5
Let d(p) = -p**2 + p + 3. Let q be d(3). Let k = q - -6. List the prime factors of k.
3
Let r = 8 + 5. List the prime factors of r.
13
Let l(n) = -n**2 + 2*n. Let s be l(2). Suppose 2*v - 20 = -s*v. Let d = -1 + v. List the prime factors of d.
3
What are the prime factors of (73/(-3))/((-5)/15)?
73
Let d(h) = h**2 + 5*h - 7. Let z be d(-5). Let t = z - -5. List the prime factors of ((-1)/(-3))/(t/(-18)).
3
Let a(c) = -c + 6. Let l be a(5). Let g = l + 14. List the prime factors of g.
3, 5
Suppose -6 = -2*g + 8. Suppose 0*z - z + g = 0. List the prime factors of z.
7
Let w(f) = -f**2 + 9*f - 8. Let u be 6 + (-6)/(-3) + -2. List the prime factors of w(u).
2, 5
Let m be ((-3)/(-2))/((-9)/12). List the prime factors of (2/3)/(m/(-30)).
2, 5
Let s(z) = 5*z + 1. Let n(m) = -14*m - 2. Let g(f) = 3*n(f) + 8*s(f). What are the prime factors of g(-11)?
2, 3
Let z be (-3)/12 - 13/(-4). Let y be 6/z + 10 + 2. Suppose 4*w = 10 + y. List the prime factors of w.
2, 3
What are the prime factors of -1*(6/(-2) - (-3 + 177))?
3, 59
Let w be 3*(-3)/18*6. List the prime factors of 26 + (-5 + 2)/w.
3
Suppose 5*k = 479 + 751. What are the prime factors of k?
2, 3, 41
Let u(x) = -2*x**3 + 4*x - 2. Let a be 0 + 2 + (-1 - 5). Let s be u(a). Suppose g - 22 = -w + 2*g, -g = -5*w + s. What are the prime factors of w?
2, 11
Suppose 3*l + 5*p = 2*p - 33, -2*l - 6 = -2*p. Let x(f) = -2*f + 2. List the prime factors of x(l).
2
Let u(v) = v**2 + 4*v + 3. Suppose 0 = 5*s + 9 + 1. Let q be u(s). List the prime factors of 9 + (2/q - -2).
3
Let l = -25 + 25. Let b = l + 43. What are the prime factors of b?
43
Suppose -4*f = -b - 3*b + 104, 4*f + 4*b + 136 = 0. List the prime factors of ((-4)/6)/(4/f).
5
Suppose -5*c + 4 = 5*x - 6, 3*c + 4*x = 10. List the prime factors of -6*(0 + c/4).
3
Let o = 115 - 34. List the prime factors of o.
3
What are the prime factors of (12 - -4 - 3)*2/2?
13
Let w(u) = -u**3 + 5*u**2 + 2*u + 6. Let r be w(6). Let x = r - -8. Let m = x + 13. What are the prime factors of m?
3
Let l = -76 - -109. What are the prime factors of l?
3, 11
Suppose 5*t - 2*o - 241 = -32, 37 = t - 2*o. List the prime factors of t.
43
Let p = 13 + -5. Let g = -1 + p. What are the prime factors of g?
7
Let m be (1 - -3)*(-1 + 4). Suppose 0*j + j = m. What are the prime factors of j?
2, 3
Let r(j) = 111*j + 10. List the prime factors of r(3).
7
Let l = 17 - 5. Let b be l/(-8) + (-2)/4. List the prime factors of (-13)/b - 1/(-2).
7
Let c = -4 + 6. Suppose 2*n - 5 = 21. Suppose 3*u - n = c. What are the prime factors of u?
5
Let n(b) be the third derivative of b**6/120 - b**5/6 + 5*b**3/3 - 7*b**2. List the prime factors of n(10).
2, 5
Let h be (0 + -12)*(-3)/(-6). Let s = h + 12. Let f = s + -3. What are the prime factors of f?
3
Let r(m) = 81*m**2. List the prime factors of r(-1).
3
Suppose 4*s - 11*g - 100 = -8*g, 5*g = 0. List the prime factors of s.
5
Let o(x) = -x**3 + 5*x**2 + 4. Let a = 13 - 8. List the prime factors of o(a).
2
Let d(n) = n + 9. Let y be (-23)/(-4) - 3/(-12). Suppose y*k = k. List the prime factors of d(k).
3
List the prime factors of (20/30)/(2/1194).
2, 199
Let s = 87 + -3. List the prime factors of s.
2, 3, 7
Let m = 183 + -105. What are the prime factors of m?
2, 3, 13
Let f be -13 - (0 + 1)/(-1). Suppose 4*u - 125 + 8 = w, -102 = -3*u - 4*w. Let m = f + u. What are the prime factors of m?
2, 3
Let y = -66 - -99. Suppose 2*g + g = y. List the prime factors of g.
11
Let c be -56 - (2 + 0/(-3)). Let r = c - -97. What are the prime factors of r?
3, 13
Let c(q) = -q**3 - q**2 + 3*q + 4. Suppose 2*u = -2*u. Suppose -4*g = -2*r - 10 - 4, -g + 2 = u. What are the prime factors of c(r)?
13
Suppose -17 = -w + 5*x + 16, 88 = 3*w - 4*x. Suppose -4*n + w = -2*u, 11 = 4*n - 9. List the prime factors of (-6)/u*(3 + 3).
3
Let z(h) = -h**2 + 5*h + 1. Let t be z(5). Let k = 3 - t. Suppose 0 = -2*x - k*x + 48. List the prime factors of x.
2, 3
Let u(j) = j - 2. List the prime factors of u(6).
2
Suppose 0 = 2*q + 3*q - 15. Suppose y = 1 + q. What are the prime factors of 1 - y - (-5 + -7)?
3
Let t be ((-98)/(-35))/((-1)/(-10)). Suppose 7*b - 5*b - t = 0. What are the prime factors of b?
2, 7
Suppose 5*c = -0*c + 40. List the prime factors of c.
2
Suppose 5*b - 933 = -2*a - 2*a, a - 246 = 3*b. What are the prime factors of a?
3, 79
Suppose i - 9 = -4*h, 5*h - h + 3*i - 3 = 0. Suppose h*d = -2*d + 100. What are the prime factors of d?
2, 5
Let v(a) = -a**3 + 2*a**2 - a. Let h be v(-2). Let c = h - 11. What are the prime factors of c?
7
Let w = -8 + 13. Let k(t) = t**2 - 8*t + 4. Let l be k(w). Let h = -7 - l. List the prime factors of h.
2
Let c be (3 - -1)/(2 + 0). Suppose c*g - 108 = -0*g. List the prime factors of g.
2, 3
Let l be 16/(-6)*120/(-16). Suppose 0 = -4*y - 3*s + 86, 20 = 2*y + 3*s - l. What are the prime factors